 o**3/3 + 2*o**2. Suppose 4*t + 0*t = 8. List the prime factors of x(t).
2
Suppose 2*n + 8 = -w, 2*w + 4*n = -w - 18. Let k(m) = m + 11. Let i be k(-10). List the prime factors of (-27)/w - i/2.
13
Suppose 3*o = -3*q + 2*q + 4, 4*q = -3*o - 2. What are the prime factors of o?
2
Suppose -f + 6*f = 20. List the prime factors of f.
2
Suppose -2*g + g = -2. List the prime factors of g.
2
Let u(g) = 2*g + 134. What are the prime factors of u(0)?
2, 67
List the prime factors of (-15)/9 + 1208/12.
3, 11
Suppose 0*d + 122 = 2*d. What are the prime factors of d?
61
Let p be (-10)/(-10) + -1 + 6. Let d(a) = -a**2 + 5*a + 7. Let u be d(p). What are the prime factors of 6 - (-2 + u - -3)?
2
Let c(m) = 33*m - 10. List the prime factors of c(3).
89
Suppose -215 = -4*c + 5*b, -3*b = -11 - 4. List the prime factors of c.
2, 3, 5
Suppose 4*t + t - 44 = -4*q, -3*t = q - 18. Let b be 9*(-1 + 1/3). What are the prime factors of (b - -10)*q/8?
3
Let a(t) = 25*t**2 + 3*t + 4. What are the prime factors of a(-2)?
2, 7
Suppose 0 = m - 78 - 13. What are the prime factors of m?
7, 13
Let a(s) = s - 1. Let t be a(-1). Let w = t - -5. Let r = 0 + w. List the prime factors of r.
3
Let h = 14 + 1. Suppose -2*w + 5*w - h = 0. Suppose 0*y + w*y - 65 = 0. List the prime factors of y.
13
Let x be 1 + (0 - (-3)/3). Suppose -4*k + 14 = -x*k. What are the prime factors of k?
7
Let x(b) = 2*b - 1. Suppose -k + 0 = -3. List the prime factors of x(k).
5
Let x = 52 - -240. List the prime factors of x.
2, 73
Let w(q) = 3*q**2 - 2*q. Suppose 4*i = -i - 10. Let m be w(i). Let a = 26 - m. List the prime factors of a.
2, 5
Let l be (1 + -5)/1 - 1. Let c be (-3)/(1 - l)*-8. Let w(o) = o. What are the prime factors of w(c)?
2
Let w(m) be the second derivative of 7*m**4/12 + m**3/6 + m**2/2 + 4*m. Let i be w(-1). Let z = i - 0. What are the prime factors of z?
7
Let d be (-7)/(-2) - (-6)/4. Suppose d*p = -4*y + 238, 4*p = y - 39 + 221. What are the prime factors of p?
2, 23
Let p(y) = 18*y**3 + y**2 + 3. List the prime factors of p(2).
151
Suppose -3*j + 5*u - 23 = 0, 4*j + 5*u = 7 + 9. Let v(z) = z + 1. Let m be v(j). Suppose m = 5*a - 0*a - 70. What are the prime factors of a?
2, 7
Suppose 3*t + 15 = 0, -t + 23 = -4*n + 5*n. Let m = n + -17. What are the prime factors of (-1 + 0)*-1*m?
11
Let x(s) = 2*s - 6. Let f(d) = 2*d**2 - 5*d - d**3 - 2 + 0*d**3 + 2*d**3. Let u be f(-3). What are the prime factors of x(u)?
2
List the prime factors of (-2)/(142/(-46) - -3).
23
Suppose -4*m + 76 = -0*m. List the prime factors of m.
19
Let f = 2 + -27. Let k = -17 - f. List the prime factors of k.
2
Let t(d) = -d**2 - 6*d + 5. Let y be t(-7). Let o = -9 + 19. Let v = o + y. What are the prime factors of v?
2
Suppose 5*c + 0*c + 5 = 0. Let y(z) be the second derivative of 5*z**4/6 - z**3/6 + z. List the prime factors of y(c).
11
Let f be (0 - -4)*(23 + -1). Suppose -14*v = -10*v - f. List the prime factors of v.
2, 11
Suppose -2*s - 36 = -3*s + 5*f, -5*s + 117 = -4*f. List the prime factors of s.
3, 7
Let x = 10 + -10. Suppose 2*m - 2 = -0, 3*i - 4*m - 20 = x. What are the prime factors of i?
2
Let r(o) = -o**3 - 7*o**2. Let f = -13 + 6. Let y be r(f). What are the prime factors of 8 - (-2 - (y + -1))?
3
Let m(g) = 3*g**2 + 1. Let a be m(3). Let k be (((-6)/8)/((-3)/(-276)))/(-1). Suppose 3*f - k + 25 = -w, 2*f = -w + a. List the prime factors of f.
2
Let d(s) = s**2 + s - 8. Let y be d(0). Let b = y - -12. Suppose -15 = -k - b*k. List the prime factors of k.
3
Let o be 1/(-3) - (-172)/12. Suppose -4*b + 14 + o = 0. What are the prime factors of b?
7
Let h = 195 - -60. What are the prime factors of h?
3, 5, 17
Let m = 18 + -12. List the prime factors of (m/(-4))/((-3)/16).
2
Suppose 0 = -2*k - k + 3*g, 2*g = -3*k - 5. Let b be (k/2 - -1)*0. Suppose 5*c + a - 17 - 50 = b, c - 2*a - 20 = 0. What are the prime factors of c?
2, 7
Suppose 3*g + 4*d = -29, -2*g - 16 = -3*d + 5*d. Let n = 1 - g. What are the prime factors of n/(-10) - (-44)/10?
2
Suppose 0 = -5*s + 4*n + 52, -4*s + 31 + 23 = 3*n. Let g = 26 - s. What are the prime factors of g?
2, 7
Suppose -3*a + 65 = -2*q, 100 = 2*a + 3*a - 5*q. List the prime factors of a.
5
Suppose 37 + 67 = 4*z. What are the prime factors of z?
2, 13
Suppose -4*p = -3*g + 813, 357 - 86 = g - 3*p. What are the prime factors of g?
271
Let w(v) = -4*v**2 + 13*v - 16. Let o(t) = -6*t**2 + 19*t - 24. Let q(x) = -5*o(x) + 8*w(x). Let a be q(6). List the prime factors of (-684)/(-52) - (-4)/a.
13
Let j(m) = -57*m + 1. What are the prime factors of j(-1)?
2, 29
Let x(j) = j**2 + 6*j + 4. Let t be x(-6). Suppose t*v - 2*v + 4*u - 34 = 0, 3 = -v + 2*u. Suppose 4*i - 35 = -v. What are the prime factors of i?
7
Let b = 181 + -29. List the prime factors of b.
2, 19
Let k(z) be the second derivative of 5*z**4/12 + z**3/3 - z**2 - 2*z. What are the prime factors of k(-2)?
2, 7
Suppose 2*c + 0*c = 3*d + 25, 0 = -5*d + 25. Let i = c - -6. What are the prime factors of i?
2, 13
Let g(h) = -13*h + 9. Suppose -2 + 12 = 2*m. Let j(r) = -7*r + 4. Let s(d) = m*j(d) - 3*g(d). What are the prime factors of s(5)?
13
Suppose -2*d = 4*p - 204, -98 = -2*p - d - d. What are the prime factors of p?
53
Let c(l) = l**2 - 2*l - 5. Suppose 4*z - z = -5*i - 5, 0 = -2*i + 2*z - 18. List the prime factors of c(i).
19
Suppose -3*w - 56 - 52 = 0. Let f = -22 - w. What are the prime factors of f?
2, 7
Suppose -5*l - 190 = -r, -l + r = -5*l - 143. Let p = 68 + l. What are the prime factors of p?
31
Suppose -p = 4*p - 50. Let a = p + -6. Suppose -4*u = -2*g, -a*u - 4 + 14 = -g. List the prime factors of g.
2, 5
List the prime factors of (-2057)/(-34) - (-2)/(-4).
2, 3, 5
Suppose 0*o - 4 = 4*o. Let g be (-1)/(2*o/10). Suppose 0 = -g*y + 26 + 19. List the prime factors of y.
3
List the prime factors of (-683)/(-5) - (-32)/80.
137
Suppose a = 4*t - 5 - 11, 5*a = 2*t - 26. Suppose -f + 2*f = -t*b - 6, 1 = -b. List the prime factors of 0 + (-18)/f + 0.
2, 3
Let c(v) = 2*v**2 - 5*v - 15. List the prime factors of c(13).
2, 3, 43
Let d = 35 + -20. List the prime factors of d.
3, 5
Let i = -19 + 45. What are the prime factors of i?
2, 13
Let b = 260 + -12. List the prime factors of (-3)/7 + b/7.
5, 7
Let c be (-1 - -2)/(3/12). Suppose 0 = 2*b - 2 - 0. Suppose -11 = -c*g + b. What are the prime factors of g?
3
Let g be 0 - ((-2 - -3) + 1). Let x = 1 - g. Suppose 2*s - x*s + 3 = 0. List the prime factors of s.
3
Suppose -4*x + 5*u - 85 + 886 = 0, -216 = -x - 4*u. What are the prime factors of x?
2, 3, 17
Let f = -2 + 6. Suppose 3*p + 24 = u, f*u - 41 = -p + 2*p. List the prime factors of u.
3
Let i(k) = 47*k**2 - 3*k - 3. List the prime factors of i(-2).
191
Suppose 4*w - w - 25 = -5*c, 4*c + 4 = 0. Let f(m) = -m**3 + 9*m**2 + 10*m + 2. List the prime factors of f(w).
2
List the prime factors of 64/5 - 3/(-15).
13
Suppose -2*i + 160 = -h, 5*h + 60 = 2*i - 116. What are the prime factors of i?
2, 3, 13
Let i(b) = b**2 + 8*b + 18. What are the prime factors of i(-5)?
3
Let z = 2 - 1. Let n(g) = -10*g**3 - 5*g**2 + 5*g - 1. Let i(o) = 10*o**3 + 4*o**2 - 4*o + 1. Let q(u) = 5*i(u) + 4*n(u). What are the prime factors of q(z)?
11
Let b be 2 + -3 + 2 + 1. Suppose 0 = -b*d, -3*k = -k - 4*d - 30. List the prime factors of k.
3, 5
Let r(h) = -2*h**3 + h + 1. Let q be r(-1). Let d = q + 0. What are the prime factors of d?
2
List the prime factors of ((-2)/2)/(3 - 208/68).
17
Suppose 15 = 3*g + 2*g. Suppose 4*v - 22 = 3*l, g*v = -3*l + l + 25. What are the prime factors of v?
7
Let r = -1 + -3. Let u(p) = -6*p + 2. List the prime factors of u(r).
2, 13
Suppose -3*k + 6*k - 24 = 0. Let w = 15 - k. What are the prime factors of w?
7
Let l = 55 + -30. Let q = l - 18. List the prime factors of q.
7
Let r(z) be the second derivative of -z**7/2520 + 7*z**6/720 - z**5/20 - z**4/3 - 3*z. Let t(p) be the third derivative of r(p). List the prime factors of t(4).
2, 3
Suppose 4*g - 149 = -3*p, 0*p - 5*p + 257 = -2*g. Suppose 5*m + 74 + p = 2*b, 0 = -2*b - m + 95. Suppose 3*d = 8*d - b. What are the prime factors of d?
2, 5
Suppose -2*z - 2*z + 184 = 0. List the prime factors of z.
2, 23
Let x(b) = -4*b**3 + b - 2. List the prime factors of x(-2).
2, 7
Let k(m) be the third derivative of -m**6/60 - m**5/20 - m**4/8 - m**3/2 - m**2. Let n be k